19 - 14091. Calculate the highest common factor of r and b.
7
Suppose 228*s + 1524 + 873 = 279*s. Let j be ((-6)/4)/(3/(-4)). Suppose -3*x + 372 = k - 5*x, -3*k + 1132 = j*x. What is the highest common divisor of s and k?
47
Let x = 363 - 360. Let v(o) = -5*o - 3 + 4*o + 8*o. Let a be v(x). Calculate the greatest common factor of 18 and a.
18
Let h = 8244 + -8227. Calculate the highest common divisor of h and 16218.
17
Let z(j) = 7*j**2. Let u be (2*(-2 + 3))/(-9 + 11). Let l be z(u). Suppose w - 27 = 2*f, -w = -3*w - 3*f + 82. Calculate the highest common divisor of l and w.
7
Suppose 5*y = 118 + 82. Let l = 414 - 366. Suppose l + 32 = 8*k. Calculate the greatest common divisor of y and k.
10
Let n(r) = -r**3 - 12*r**2 - 45*r - 36. Let g be n(-4). Calculate the highest common factor of g and 7312.
16
Let h be 185/(-148)*(-976)/4. What is the greatest common divisor of 10 and h?
5
Let x be (16 + (-952)/70)/((-12)/(-40)). Calculate the greatest common factor of 1234 and x.
2
Let h be (-2 - 7) + 3 + (-3 + 2665)/2. What is the greatest common factor of 1 and h?
1
Let p = 16285 + -14527. Calculate the greatest common factor of 30 and p.
6
Let r(x) = -2*x**2 + 6*x - 11. Let c(i) = 4*i**2. Let g(w) = c(w) + r(w). Let o be g(-5). What is the highest common divisor of o and 1?
1
Let t(f) = 2*f**2 - 148*f + 1506. Let r be t(63). Suppose -8 = -m + 6. Suppose 16 = x - m. What is the highest common divisor of r and x?
30
Let p(m) = 108*m - 86. Let k be p(1). Calculate the highest common divisor of 2750 and k.
22
Let j = -15197 + 15649. Calculate the greatest common factor of j and 48.
4
Let v(z) = -z**3 - 27*z**2 + 57*z - 53. Let h be v(-29). Let k be (h/(-7))/(1/14). What is the highest common factor of k and 528?
48
Suppose 4*r + 3*b - 50 - 55 = 0, r = -4*b + 36. Suppose -2*s = 4*c - r, 3*c = 3 - 6. Calculate the highest common divisor of 14 and s.
14
Let w(n) be the second derivative of n**4/12 + n**2 + 4*n - 5. Let u be w(5). Let h = -2 - -5. Calculate the highest common divisor of u and h.
3
Let b = 4222 - 4180. What is the highest common factor of 24591 and b?
21
Suppose 92819 + 83861 = 56*i. What is the highest common factor of i and 5?
5
Let m = 144 - 64. Suppose -m + 20 = -h. Calculate the highest common divisor of 12 and h.
12
Suppose -3*w + 403 = -12447 + 1402. What is the greatest common divisor of w and 18?
18
Suppose -5*h = -7*h + 82. Let d(q) = -134*q + 1605. Let s be d(8). Calculate the greatest common factor of s and h.
41
Suppose 15*u = 24923 - 5738. Suppose -2*d - q = -812, u = 3*d - 5*q + 35. Calculate the greatest common divisor of 51 and d.
51
Suppose 0 = 214*u - 216*u + 10, 2*u - 9 = a. Let g be (-9)/(-2)*(6 - -6). What is the greatest common factor of g and a?
1
Suppose 2*z + 2*s = 4, 1 = 4*s + 5. Suppose 29*h + 114 = -8*h + 299. What is the greatest common factor of z and h?
1
Suppose g + g - 144 = 0. Suppose -11*t + 36 + 1152 = 0. Suppose -331*p = -337*p + t. Calculate the highest common divisor of p and g.
18
Suppose 450 = -623*c + 641*c. Calculate the greatest common divisor of c and 45.
5
Suppose -526*b + 527*b + 30 = 4*h, -3*h - 2*b = -50. Suppose 0 = -2*x + 5*x - 375. Calculate the greatest common divisor of h and x.
5
Suppose 5 - 40 = -g + j, -4*g + 160 = j. Let i = -2753 - -2759. Calculate the highest common divisor of i and g.
3
Suppose -2*y - 361 = -369. What is the highest common factor of y and 212?
4
Suppose 0 = -5*z + 10, d + 2*z + 11 = 6*d. Suppose d*m - 45 = -12. Let a be (17 + (-138)/8)/((-1)/352 - 0). Calculate the greatest common factor of m and a.
11
Let g = -13408 + 13465. Calculate the highest common divisor of 6631 and g.
19
Let d = -807 - -1335. Calculate the greatest common divisor of d and 80.
16
Let v = 14833 - 14832. What is the greatest common factor of 3860 and v?
1
Let p(n) = 21*n**2 + 117*n + 462. Let d be p(-4). What is the greatest common factor of 2112 and d?
66
Let v(r) = 28*r**3 - 16*r**2 + 90*r - 10. Let s be v(4). What is the greatest common factor of 738 and s?
82
Suppose 5*i + u - 39 = -23, -2*i - 2*u = 0. Let l be (59 - 1)*2/1. Calculate the highest common divisor of i and l.
4
Suppose 5*n - 274 = 86. Let h = -42481 - -42487. Calculate the highest common divisor of h and n.
6
Suppose 9*u - 5*u - 8 = 0, 502 = b - 4*u. What is the greatest common factor of b and 20?
10
Suppose -20*g + 85*g = 9230. What is the greatest common factor of g and 4260?
142
Suppose 3*y - 540 + 3573 = 0. Let w = 2850 + y. Let l be 2/3 + w/9. What is the greatest common divisor of 82 and l?
41
Let c(p) = 19*p**3 + 4*p**2 - 7*p + 4. Let o be c(2). Let t be 12/(-3) + o + -7. What is the greatest common divisor of 196 and t?
49
Let h be (847/231)/(2/168). Calculate the highest common divisor of h and 21.
7
Let m be (-4)/(8/(-173))*6/3. Let u = 202 - m. What is the highest common factor of 261 and u?
29
Suppose -4*y + 6057 = 81*u - 78*u, 0 = -2*y - 5*u + 3025. What is the highest common divisor of y and 555?
15
Let w(y) = 9*y + 79. Let q be w(-8). Suppose -2*d = -13 - q. Calculate the greatest common factor of 8 and d.
2
Suppose 42*f - 1020768 + 323190 = 0. Calculate the greatest common factor of f and 17.
17
Let q(f) = -4*f**3 + f - 2. Let a be q(-2). Let s be (31/((-651)/(-30)) - 6/14) + 7. What is the greatest common divisor of a and s?
4
Let b(a) = 40*a**2 + 310*a - 17. Let s be b(-8). Calculate the highest common factor of 609 and s.
21
Let r(x) = x**3 + 17*x**2 + 22*x + 36. Let h be r(-16). Let j = h - -68. What is the greatest common factor of j and 8?
8
Let r = -32 - -36. Suppose 8*i - 6*i = r. Suppose 0 = -30*g + 29*g + i. Calculate the greatest common factor of g and 6.
2
Let j = 60 - 57. Suppose j*g = 5*g - 56. What is the highest common factor of 2 and g?
2
Suppose 0*u + 9 = 3*u, -2*a = u + 89. Let g = a - -52. Calculate the highest common factor of 18 and g.
6
Let m = -264 - -303. Let q = -32 + m. Suppose 3*n + 3*w - 44 - 88 = 0, 2*w = n - 59. Calculate the greatest common divisor of n and q.
7
Suppose 0*z - 156 = -3*z. Suppose 7691 = 87*a + 905. Calculate the highest common factor of z and a.
26
Let d be 76/(-16)*-4 - -5. Let i be (-74)/(-8) - 6/d. Calculate the highest common factor of 45 and i.
9
Let s(i) = 9*i + 18. Let a be s(19). Let m = a + -138. Calculate the greatest common divisor of 561 and m.
51
Let p = 9 - -3. Let a be (4 - (-12)/(-15))/((-19)/(-380)). Calculate the greatest common factor of a and p.
4
Let n(j) = 4*j - 7. Let h be n(8). Suppose -h = -3*z + 8*z. Let f(g) = 10*g**2 - 3*g - 20. Let a be f(z). Calculate the highest common divisor of a and 98.
49
Let x = 1551 + -1532. Calculate the greatest common divisor of 47 and x.
1
Let c = 144 + -140. Suppose c*g - 642 = -7*t, -3*t + 5*g + 0*g = -255. What is the highest common divisor of 90 and t?
90
Suppose 547 + 2218 + 1411 = 16*r. What is the highest common divisor of r and 3567?
87
Let j(u) = 17*u + 242. Let n be j(22). Suppose -20 = -5*x, 3*l + 25 = 6*l + x. Suppose l*m = 9*m - n. Calculate the highest common divisor of 28 and m.
28
Let k = -48 - -20. Suppose 47*n - 310 = 1758. Let d = n + k. What is the greatest common divisor of 32 and d?
16
Let q(k) = 38*k**2 - 3*k + 2. Suppose -4*j + 1 = -3. Let r be q(j). Let x = 122 - r. Calculate the greatest common divisor of 17 and x.
17
Suppose -28*x = -54*x + 33*x - 133. Suppose -3*n + 4*q + 87 + 72 = 0, -n - 4*q = -69. Calculate the greatest common factor of n and x.
19
Let g be -4*(585/(-36) - 5). Calculate the highest common divisor of 3145 and g.
85
Suppose 0 = 19*w - 2 + 21. Let s = w + 8. What is the highest common factor of s and 56?
7
Let t be (-199)/1194 + 3074/12. What is the greatest common divisor of t and 136?
8
Let m = -8501 + 8540. Calculate the greatest common divisor of 325 and m.
13
Suppose -4*n + 3*r - 4*r = -10164, 3*r = 0. What is the highest common divisor of n and 21?
21
Let c be -16 + 1 + -1 + 1. Let h be (-1212)/(-5) - (-6)/c. Suppose 15*g - 115 = 10*g - 5*r, 2*g = 5*r + 39. What is the greatest common factor of h and g?
22
Suppose 142*u - 181 = 6067. What is the greatest common divisor of 15642 and u?
22
Suppose -30*l = -15*l. Suppose -t + 5*t - 5*x - 1443 = 0, l = 2*x + 6. What is the highest common factor of 42 and t?
21
Suppose 9*c - 2*c + 70 = 0. Let w be (2/2)